Last updated on 2022-04-24 03:52:32 CEST.
Flavor | Version | Tinstall | Tcheck | Ttotal | Status | Flags |
---|---|---|---|---|---|---|
r-devel-linux-x86_64-debian-clang | 1.0.6 | 34.81 | 85.42 | 120.23 | OK | |
r-devel-linux-x86_64-debian-gcc | 1.0.6 | 27.68 | 64.80 | 92.48 | OK | |
r-devel-linux-x86_64-fedora-clang | 1.0.6 | 158.68 | OK | |||
r-devel-linux-x86_64-fedora-gcc | 1.0.6 | 137.62 | OK | |||
r-patched-linux-x86_64 | 1.0.6 | 32.81 | 80.79 | 113.60 | OK | |
r-release-linux-x86_64 | 1.0.6 | 34.15 | 76.12 | 110.27 | OK | |
r-release-macos-arm64 | 1.0.6 | OK | ||||
r-release-macos-x86_64 | 1.0.6 | OK | ||||
r-release-windows-x86_64 | 1.0.6 | 41.00 | 122.00 | 163.00 | OK | |
r-oldrel-macos-arm64 | 1.0.6 | OK | ||||
r-oldrel-macos-x86_64 | 1.0.6 | OK | ||||
r-oldrel-windows-ix86+x86_64 | 1.0.6 | 85.00 | 135.00 | 220.00 | NOTE |
Version: 1.0.6
Check: installed package size
Result: NOTE
installed size is 5.3Mb
sub-directories of 1Mb or more:
libs 2.2Mb
Flavor: r-oldrel-windows-ix86+x86_64