Last updated on 2022-04-24 03:52:32 CEST.
Flavor | Version | Tinstall | Tcheck | Ttotal | Status | Flags |
---|---|---|---|---|---|---|
r-devel-linux-x86_64-debian-clang | 1.2 | 2.87 | 49.50 | 52.37 | NOTE | |
r-devel-linux-x86_64-debian-gcc | 1.2 | 2.20 | 37.64 | 39.84 | NOTE | |
r-devel-linux-x86_64-fedora-clang | 1.2 | 65.55 | NOTE | |||
r-devel-linux-x86_64-fedora-gcc | 1.2 | 55.74 | NOTE | |||
r-patched-linux-x86_64 | 1.2 | 2.90 | 48.45 | 51.35 | OK | |
r-release-linux-x86_64 | 1.2 | 2.37 | 47.17 | 49.54 | OK | |
r-release-macos-arm64 | 1.2 | OK | ||||
r-release-macos-x86_64 | 1.2 | OK | ||||
r-release-windows-x86_64 | 1.2 | 24.00 | 69.00 | 93.00 | OK | |
r-oldrel-macos-arm64 | 1.2 | OK | ||||
r-oldrel-macos-x86_64 | 1.2 | OK | ||||
r-oldrel-windows-ix86+x86_64 | 1.2 | 7.00 | 58.00 | 65.00 | OK |
Version: 1.2
Check: Rd files
Result: NOTE
checkRd: (7) file 'activate.Rd': \item in \arguments must have non-empty label
checkRd: (7) file 'nnetPredInt.Rd': \item in \arguments must have non-empty label
Flavors: r-devel-linux-x86_64-debian-clang, r-devel-linux-x86_64-debian-gcc, r-devel-linux-x86_64-fedora-clang, r-devel-linux-x86_64-fedora-gcc