Last updated on 2022-04-24 03:52:32 CEST.
Flavor | Version | Tinstall | Tcheck | Ttotal | Status | Flags |
---|---|---|---|---|---|---|
r-devel-linux-x86_64-debian-clang | 0.1.8 | 157.08 | 64.16 | 221.24 | OK | |
r-devel-linux-x86_64-debian-gcc | 0.1.8 | 134.94 | 48.35 | 183.29 | OK | |
r-devel-linux-x86_64-fedora-clang | 0.1.8 | 351.77 | NOTE | |||
r-devel-linux-x86_64-fedora-gcc | 0.1.8 | 296.64 | OK | |||
r-patched-linux-x86_64 | 0.1.8 | 131.52 | 63.94 | 195.46 | OK | |
r-release-linux-x86_64 | 0.1.8 | 135.17 | 60.56 | 195.73 | OK | |
r-release-macos-arm64 | 0.1.8 | NOTE | ||||
r-release-macos-x86_64 | 0.1.8 | NOTE | ||||
r-release-windows-x86_64 | 0.1.8 | 134.00 | 131.00 | 265.00 | OK | |
r-oldrel-macos-arm64 | 0.1.8 | NOTE | ||||
r-oldrel-macos-x86_64 | 0.1.8 | NOTE | ||||
r-oldrel-windows-ix86+x86_64 | 0.1.8 | 387.00 | 117.00 | 504.00 | OK |
Version: 0.1.8
Check: installed package size
Result: NOTE
installed size is 7.0Mb
sub-directories of 1Mb or more:
libs 6.4Mb
Flavors: r-devel-linux-x86_64-fedora-clang, r-release-macos-arm64, r-release-macos-x86_64, r-oldrel-macos-arm64, r-oldrel-macos-x86_64