Last updated on 2022-04-24 03:52:32 CEST.
Flavor | Version | Tinstall | Tcheck | Ttotal | Status | Flags |
---|---|---|---|---|---|---|
r-devel-linux-x86_64-debian-clang | 0.1.0 | 17.88 | 151.18 | 169.06 | OK | |
r-devel-linux-x86_64-debian-gcc | 0.1.0 | 12.32 | 107.56 | 119.88 | OK | |
r-devel-linux-x86_64-fedora-clang | 0.1.0 | 198.74 | NOTE | |||
r-devel-linux-x86_64-fedora-gcc | 0.1.0 | 182.55 | NOTE | |||
r-patched-linux-x86_64 | 0.1.0 | 17.88 | 141.72 | 159.60 | OK | |
r-release-linux-x86_64 | 0.1.0 | 16.17 | 139.32 | 155.49 | OK | |
r-release-macos-arm64 | 0.1.0 | NOTE | ||||
r-release-macos-x86_64 | 0.1.0 | NOTE | ||||
r-release-windows-x86_64 | 0.1.0 | 63.00 | 163.00 | 226.00 | OK | |
r-oldrel-macos-arm64 | 0.1.0 | NOTE | ||||
r-oldrel-macos-x86_64 | 0.1.0 | NOTE | ||||
r-oldrel-windows-ix86+x86_64 | 0.1.0 | 23.00 | 159.00 | 182.00 | OK |
Version: 0.1.0
Check: dependencies in R code
Result: NOTE
Namespace in Imports field not imported from: ‘Rdpack’
All declared Imports should be used.
Flavors: r-devel-linux-x86_64-fedora-clang, r-devel-linux-x86_64-fedora-gcc, r-release-macos-arm64, r-release-macos-x86_64, r-oldrel-macos-arm64, r-oldrel-macos-x86_64
Version: 0.1.0
Check: Rd cross-references
Result: NOTE
Undeclared package ‘pcds’ in Rd xrefs
Flavor: r-devel-linux-x86_64-fedora-clang