Last updated on 2022-04-24 03:52:32 CEST.
Flavor | Version | Tinstall | Tcheck | Ttotal | Status | Flags |
---|---|---|---|---|---|---|
r-devel-linux-x86_64-debian-clang | 0.7-3 | 2.89 | 37.70 | 40.59 | NOTE | |
r-devel-linux-x86_64-debian-gcc | 0.7-3 | 2.27 | 29.09 | 31.36 | NOTE | |
r-devel-linux-x86_64-fedora-clang | 0.7-3 | 49.67 | NOTE | |||
r-devel-linux-x86_64-fedora-gcc | 0.7-3 | 38.07 | NOTE | |||
r-patched-linux-x86_64 | 0.7-3 | 3.29 | 36.88 | 40.17 | NOTE | |
r-release-linux-x86_64 | 0.7-3 | 2.94 | 36.56 | 39.50 | NOTE | |
r-release-macos-arm64 | 0.7-3 | NOTE | ||||
r-release-macos-x86_64 | 0.7-3 | NOTE | ||||
r-release-windows-x86_64 | 0.7-3 | 28.00 | 57.00 | 85.00 | NOTE | |
r-oldrel-macos-arm64 | 0.7-3 | NOTE | ||||
r-oldrel-macos-x86_64 | 0.7-3 | NOTE | ||||
r-oldrel-windows-ix86+x86_64 | 0.7-3 | 6.00 | 43.00 | 49.00 | NOTE |
Version: 0.7-3
Check: R code for possible problems
Result: NOTE
makeRules: no visible global function definition for 'sd'
makeRules: no visible global function definition for 'rnorm'
nodeHarvest: no visible global function definition for 'capture.output'
nodeHarvest: no visible global function definition for 'lm'
nodeHarvest: no visible global function definition for 'coef'
plot.nodeHarvest: no visible global function definition for 'rgb'
Undefined global functions or variables:
capture.output coef lm rgb rnorm sd
Consider adding
importFrom("grDevices", "rgb")
importFrom("stats", "coef", "lm", "rnorm", "sd")
importFrom("utils", "capture.output")
to your NAMESPACE file.
Flavors: r-devel-linux-x86_64-debian-clang, r-devel-linux-x86_64-debian-gcc, r-devel-linux-x86_64-fedora-clang, r-devel-linux-x86_64-fedora-gcc, r-patched-linux-x86_64, r-release-linux-x86_64, r-release-macos-arm64, r-release-macos-x86_64, r-release-windows-x86_64, r-oldrel-macos-arm64, r-oldrel-macos-x86_64, r-oldrel-windows-ix86+x86_64