Last updated on 2022-04-24 03:52:32 CEST.
Flavor | Version | Tinstall | Tcheck | Ttotal | Status | Flags |
---|---|---|---|---|---|---|
r-devel-linux-x86_64-debian-clang | 0.2.12 | 145.90 | 129.35 | 275.25 | OK | |
r-devel-linux-x86_64-debian-gcc | 0.2.12 | 112.06 | 97.94 | 210.00 | OK | |
r-devel-linux-x86_64-fedora-clang | 0.2.12 | 407.56 | OK | |||
r-devel-linux-x86_64-fedora-gcc | 0.2.12 | 336.30 | OK | |||
r-patched-linux-x86_64 | 0.2.12 | 123.72 | 125.93 | 249.65 | OK | |
r-release-linux-x86_64 | 0.2.12 | 119.17 | 120.53 | 239.70 | OK | |
r-release-macos-arm64 | 0.2.12 | WARN | ||||
r-release-macos-x86_64 | 0.2.12 | OK | ||||
r-release-windows-x86_64 | 0.2.12 | 235.00 | 229.00 | 464.00 | OK | |
r-oldrel-macos-arm64 | 0.2.12 | WARN | ||||
r-oldrel-macos-x86_64 | 0.2.12 | OK | ||||
r-oldrel-windows-ix86+x86_64 | 0.2.12 | 351.00 | 185.00 | 536.00 | OK |
Version: 0.2.12
Check: re-building of vignette outputs
Result: WARN
Error(s) in re-building vignettes:
...
--- re-building ‘nonlinearTseries_quickstart.Rmd’ using rmarkdown
Quitting from lines 34-42 (nonlinearTseries_quickstart.Rmd)
Error: processing vignette 'nonlinearTseries_quickstart.Rmd' failed with diagnostics:
package or namespace load failed for 'plot3D':
.onLoad failed in loadNamespace() for 'tcltk', details:
call: fun(libname, pkgname)
error: Tcl/Tk libraries are missing: install the Tcl/Tk component from the R installer
--- failed re-building ‘nonlinearTseries_quickstart.Rmd’
SUMMARY: processing the following file failed:
‘nonlinearTseries_quickstart.Rmd’
Error: Vignette re-building failed.
Execution halted
Flavors: r-release-macos-arm64, r-oldrel-macos-arm64