Last updated on 2022-04-24 03:52:32 CEST.
Flavor | Version | Tinstall | Tcheck | Ttotal | Status | Flags |
---|---|---|---|---|---|---|
r-devel-linux-x86_64-debian-clang | 1.2 | 1.60 | 24.41 | 26.01 | OK | |
r-devel-linux-x86_64-debian-gcc | 1.2 | 1.21 | 19.19 | 20.40 | OK | |
r-devel-linux-x86_64-fedora-clang | 1.2 | 32.99 | NOTE | |||
r-devel-linux-x86_64-fedora-gcc | 1.2 | 21.79 | NOTE | |||
r-patched-linux-x86_64 | 1.2 | 1.83 | 23.87 | 25.70 | OK | |
r-release-linux-x86_64 | 1.2 | 1.15 | 23.54 | 24.69 | OK | |
r-release-macos-arm64 | 1.2 | NOTE | ||||
r-release-macos-x86_64 | 1.2 | NOTE | ||||
r-release-windows-x86_64 | 1.2 | 9.00 | 37.00 | 46.00 | OK | |
r-oldrel-macos-arm64 | 1.2 | NOTE | ||||
r-oldrel-macos-x86_64 | 1.2 | NOTE | ||||
r-oldrel-windows-ix86+x86_64 | 1.2 | 4.00 | 23.00 | 27.00 | OK |
Version: 1.2
Check: data for non-ASCII characters
Result: NOTE
Note: found 3 marked UTF-8 strings
Flavors: r-devel-linux-x86_64-fedora-clang, r-devel-linux-x86_64-fedora-gcc, r-release-macos-arm64, r-release-macos-x86_64, r-oldrel-macos-arm64, r-oldrel-macos-x86_64