Last updated on 2022-04-24 03:52:32 CEST.
Flavor | Version | Tinstall | Tcheck | Ttotal | Status | Flags |
---|---|---|---|---|---|---|
r-devel-linux-x86_64-debian-clang | 2.1.0 | 3.51 | 51.76 | 55.27 | OK | |
r-devel-linux-x86_64-debian-gcc | 2.1.0 | 2.24 | 38.45 | 40.69 | OK | |
r-devel-linux-x86_64-fedora-clang | 2.1.0 | 67.03 | NOTE | |||
r-devel-linux-x86_64-fedora-gcc | 2.1.0 | 53.49 | NOTE | |||
r-patched-linux-x86_64 | 2.1.0 | 3.63 | 48.47 | 52.10 | OK | |
r-release-linux-x86_64 | 2.1.0 | 3.28 | 47.37 | 50.65 | OK | |
r-release-macos-arm64 | 2.1.0 | NOTE | ||||
r-release-macos-x86_64 | 2.1.0 | NOTE | ||||
r-release-windows-x86_64 | 2.1.0 | 21.00 | 87.00 | 108.00 | OK | |
r-oldrel-macos-arm64 | 2.1.0 | NOTE | ||||
r-oldrel-macos-x86_64 | 2.1.0 | NOTE | ||||
r-oldrel-windows-ix86+x86_64 | 2.1.0 | 7.00 | 76.00 | 83.00 | OK |
Version: 2.1.0
Check: dependencies in R code
Result: NOTE
Namespaces in Imports field not imported from:
‘progressr’ ‘vcr’
All declared Imports should be used.
Flavors: r-devel-linux-x86_64-fedora-clang, r-devel-linux-x86_64-fedora-gcc, r-release-macos-arm64, r-release-macos-x86_64, r-oldrel-macos-arm64, r-oldrel-macos-x86_64