Last updated on 2022-04-24 03:52:32 CEST.
Flavor | Version | Tinstall | Tcheck | Ttotal | Status | Flags |
---|---|---|---|---|---|---|
r-devel-linux-x86_64-debian-clang | 1.1 | 2.37 | 36.40 | 38.77 | NOTE | |
r-devel-linux-x86_64-debian-gcc | 1.1 | 1.47 | 28.10 | 29.57 | NOTE | |
r-devel-linux-x86_64-fedora-clang | 1.1 | 48.04 | NOTE | |||
r-devel-linux-x86_64-fedora-gcc | 1.1 | 36.48 | NOTE | |||
r-patched-linux-x86_64 | 1.1 | 1.75 | 35.28 | 37.03 | NOTE | |
r-release-linux-x86_64 | 1.1 | 2.05 | 35.60 | 37.65 | NOTE | |
r-release-macos-arm64 | 1.1 | NOTE | ||||
r-release-macos-x86_64 | 1.1 | NOTE | ||||
r-release-windows-x86_64 | 1.1 | 17.00 | 49.00 | 66.00 | NOTE | |
r-oldrel-macos-arm64 | 1.1 | NOTE | ||||
r-oldrel-macos-x86_64 | 1.1 | NOTE | ||||
r-oldrel-windows-ix86+x86_64 | 1.1 | 6.00 | 30.00 | 36.00 | NOTE |
Version: 1.1
Check: DESCRIPTION meta-information
Result: NOTE
Malformed Description field: should contain one or more complete sentences.
Flavors: r-devel-linux-x86_64-debian-clang, r-devel-linux-x86_64-debian-gcc, r-devel-linux-x86_64-fedora-clang, r-devel-linux-x86_64-fedora-gcc, r-patched-linux-x86_64, r-release-linux-x86_64, r-release-macos-arm64, r-release-macos-x86_64, r-release-windows-x86_64, r-oldrel-macos-arm64, r-oldrel-macos-x86_64, r-oldrel-windows-ix86+x86_64
Version: 1.1
Check: R code for possible problems
Result: NOTE
ajb.norm.test: no visible global function definition for 'rnorm'
frosini.norm.test: no visible global function definition for 'var'
frosini.norm.test: no visible global function definition for 'pnorm'
frosini.norm.test: no visible global function definition for 'rnorm'
geary.norm.test: no visible global function definition for 'rnorm'
hegazy1.norm.test: no visible global function definition for 'var'
hegazy1.norm.test: no visible global function definition for 'qnorm'
hegazy1.norm.test: no visible global function definition for 'rnorm'
hegazy2.norm.test: no visible global function definition for 'var'
hegazy2.norm.test: no visible global function definition for 'qnorm'
hegazy2.norm.test: no visible global function definition for 'rnorm'
jb.norm.test: no visible global function definition for 'rnorm'
kurtosis.norm.test: no visible global function definition for 'rnorm'
skewness.norm.test: no visible global function definition for 'rnorm'
spiegelhalter.norm.test: no visible global function definition for
'rnorm'
wb.norm.test: no visible global function definition for 'qnorm'
wb.norm.test: no visible global function definition for 'var'
wb.norm.test: no visible global function definition for 'rnorm'
Undefined global functions or variables:
pnorm qnorm rnorm var
Consider adding
importFrom("stats", "pnorm", "qnorm", "rnorm", "var")
to your NAMESPACE file.
Flavors: r-devel-linux-x86_64-debian-clang, r-devel-linux-x86_64-debian-gcc, r-devel-linux-x86_64-fedora-clang, r-devel-linux-x86_64-fedora-gcc, r-patched-linux-x86_64, r-release-linux-x86_64, r-release-macos-arm64, r-release-macos-x86_64, r-release-windows-x86_64, r-oldrel-macos-arm64, r-oldrel-macos-x86_64, r-oldrel-windows-ix86+x86_64