Last updated on 2022-04-24 03:52:32 CEST.
Flavor | Version | Tinstall | Tcheck | Ttotal | Status | Flags |
---|---|---|---|---|---|---|
r-devel-linux-x86_64-debian-clang | 1.1.0 | 6.23 | 236.67 | 242.90 | OK | |
r-devel-linux-x86_64-debian-gcc | 1.1.0 | 3.27 | 166.52 | 169.79 | OK | |
r-devel-linux-x86_64-fedora-clang | 1.1.0 | 301.35 | OK | |||
r-devel-linux-x86_64-fedora-gcc | 1.1.0 | 252.97 | OK | |||
r-patched-linux-x86_64 | 1.1.0 | 7.03 | 217.90 | 224.93 | OK | |
r-release-linux-x86_64 | 1.1.0 | 3.93 | 218.75 | 222.68 | OK | |
r-release-macos-arm64 | 1.1.0 | NOTE | ||||
r-release-macos-x86_64 | 1.1.0 | NOTE | ||||
r-release-windows-x86_64 | 1.1.0 | 37.00 | 270.00 | 307.00 | OK | |
r-oldrel-macos-arm64 | 1.1.0 | NOTE | ||||
r-oldrel-macos-x86_64 | 1.1.0 | NOTE | ||||
r-oldrel-windows-ix86+x86_64 | 1.1.0 | 10.00 | 249.00 | 259.00 | OK |
Version: 1.1.0
Check: package dependencies
Result: NOTE
Packages suggested but not available for checking: 'treeio', 'ggtree'
Flavors: r-release-macos-arm64, r-release-macos-x86_64, r-oldrel-macos-arm64, r-oldrel-macos-x86_64
Version: 1.1.0
Check: Rd cross-references
Result: NOTE
Package unavailable to check Rd xrefs: ‘treeio’
Flavors: r-release-macos-arm64, r-release-macos-x86_64, r-oldrel-macos-arm64, r-oldrel-macos-x86_64