Last updated on 2022-04-24 03:52:32 CEST.
Flavor | Version | Tinstall | Tcheck | Ttotal | Status | Flags |
---|---|---|---|---|---|---|
r-devel-linux-x86_64-debian-clang | 1.02 | 2.37 | 37.39 | 39.76 | NOTE | |
r-devel-linux-x86_64-debian-gcc | 1.02 | 2.17 | 28.97 | 31.14 | NOTE | |
r-devel-linux-x86_64-fedora-clang | 1.02 | 48.17 | NOTE | |||
r-devel-linux-x86_64-fedora-gcc | 1.02 | 36.48 | NOTE | |||
r-patched-linux-x86_64 | 1.02 | 2.85 | 36.03 | 38.88 | NOTE | |
r-release-linux-x86_64 | 1.02 | 2.15 | 35.31 | 37.46 | NOTE | |
r-release-macos-arm64 | 1.02 | OK | ||||
r-release-macos-x86_64 | 1.02 | OK | ||||
r-release-windows-x86_64 | 1.02 | 9.00 | 54.00 | 63.00 | OK | |
r-oldrel-macos-arm64 | 1.02 | OK | ||||
r-oldrel-macos-x86_64 | 1.02 | OK | ||||
r-oldrel-windows-ix86+x86_64 | 1.02 | 6.00 | 44.00 | 50.00 | OK |
Version: 1.02
Check: Rd line widths
Result: NOTE
Rd file 'notifyR-package.Rd':
\examples lines wider than 100 characters:
send_push(userkey,message="finished.",title="World Simulation",url="http://www.myRresults.com/",url_title="View Results online.",priori ... [TRUNCATED]
Rd file 'send_push.Rd':
\usage lines wider than 90 characters:
send_push(user, message, title = "", device = "", url = "", url_title = "", priority = FALSE, timestamp = Sys.time())
\examples lines wider than 100 characters:
send_push(userkey,message="finished.",title="World Simulation",url="http://www.myRresults.com/",url_title="View Results online.",priori ... [TRUNCATED]
These lines will be truncated in the PDF manual.
Flavors: r-devel-linux-x86_64-debian-clang, r-devel-linux-x86_64-debian-gcc, r-devel-linux-x86_64-fedora-clang, r-devel-linux-x86_64-fedora-gcc, r-patched-linux-x86_64, r-release-linux-x86_64