Last updated on 2022-04-24 03:52:32 CEST.
Flavor | Version | Tinstall | Tcheck | Ttotal | Status | Flags |
---|---|---|---|---|---|---|
r-devel-linux-x86_64-debian-clang | 0.60-11 | 60.27 | 479.83 | 540.10 | OK | |
r-devel-linux-x86_64-debian-gcc | 0.60-11 | 51.28 | 347.13 | 398.41 | OK | |
r-devel-linux-x86_64-fedora-clang | 0.60-11 | 665.62 | NOTE | |||
r-devel-linux-x86_64-fedora-gcc | 0.60-11 | 641.22 | OK | |||
r-patched-linux-x86_64 | 0.60-11 | 64.31 | 463.47 | 527.78 | OK | |
r-release-linux-x86_64 | 0.60-11 | 58.37 | 454.28 | 512.65 | OK | |
r-release-macos-arm64 | 0.60-11 | OK | ||||
r-release-macos-x86_64 | 0.60-11 | OK | ||||
r-release-windows-x86_64 | 0.60-11 | 101.00 | 123.00 | 224.00 | OK | --no-examples --no-tests --no-vignettes |
r-oldrel-macos-arm64 | 0.60-11 | OK | ||||
r-oldrel-macos-x86_64 | 0.60-11 | OK | ||||
r-oldrel-windows-ix86+x86_64 | 0.60-11 | 128.00 | 206.00 | 334.00 | OK | --no-examples --no-tests --no-vignettes |
Version: 0.60-11
Check: Rd cross-references
Result: NOTE
Undeclared packages ‘logspline’, ‘ks’ in Rd xrefs
Flavor: r-devel-linux-x86_64-fedora-clang