Last updated on 2022-04-24 03:52:32 CEST.
Flavor | Version | Tinstall | Tcheck | Ttotal | Status | Flags |
---|---|---|---|---|---|---|
r-devel-linux-x86_64-debian-clang | 2.0 | 7.32 | 151.83 | 159.15 | NOTE | |
r-devel-linux-x86_64-debian-gcc | 2.0 | 5.31 | 114.57 | 119.88 | NOTE | |
r-devel-linux-x86_64-fedora-clang | 2.0 | 190.43 | NOTE | |||
r-devel-linux-x86_64-fedora-gcc | 2.0 | 175.77 | NOTE | |||
r-patched-linux-x86_64 | 2.0 | 8.24 | 147.01 | 155.25 | NOTE | |
r-release-linux-x86_64 | 2.0 | 4.97 | 141.50 | 146.47 | NOTE | |
r-release-macos-arm64 | 2.0 | NOTE | ||||
r-release-macos-x86_64 | 2.0 | NOTE | ||||
r-release-windows-x86_64 | 2.0 | 25.00 | 237.00 | 262.00 | NOTE | |
r-oldrel-macos-arm64 | 2.0 | NOTE | ||||
r-oldrel-macos-x86_64 | 2.0 | NOTE | ||||
r-oldrel-windows-ix86+x86_64 | 2.0 | 17.00 | 184.00 | 201.00 | NOTE |
Version: 2.0
Check: LazyData
Result: NOTE
'LazyData' is specified without a 'data' directory
Flavors: r-devel-linux-x86_64-debian-clang, r-devel-linux-x86_64-debian-gcc, r-devel-linux-x86_64-fedora-clang, r-devel-linux-x86_64-fedora-gcc, r-patched-linux-x86_64, r-release-linux-x86_64, r-release-macos-arm64, r-release-macos-x86_64, r-release-windows-x86_64, r-oldrel-macos-arm64, r-oldrel-macos-x86_64, r-oldrel-windows-ix86+x86_64