Last updated on 2022-04-24 03:52:32 CEST.
Flavor | Version | Tinstall | Tcheck | Ttotal | Status | Flags |
---|---|---|---|---|---|---|
r-devel-linux-x86_64-debian-clang | 4.5 | 3.39 | 37.90 | 41.29 | NOTE | |
r-devel-linux-x86_64-debian-gcc | 4.5 | 2.42 | 28.71 | 31.13 | NOTE | |
r-devel-linux-x86_64-fedora-clang | 4.5 | 49.11 | NOTE | |||
r-devel-linux-x86_64-fedora-gcc | 4.5 | 37.45 | NOTE | |||
r-patched-linux-x86_64 | 4.5 | 3.56 | 35.87 | 39.43 | NOTE | |
r-release-linux-x86_64 | 4.5 | 3.37 | 35.53 | 38.90 | NOTE | |
r-release-macos-arm64 | 4.5 | NOTE | ||||
r-release-macos-x86_64 | 4.5 | NOTE | ||||
r-release-windows-x86_64 | 4.5 | 17.00 | 51.00 | 68.00 | NOTE | |
r-oldrel-macos-arm64 | 4.5 | NOTE | ||||
r-oldrel-macos-x86_64 | 4.5 | NOTE | ||||
r-oldrel-windows-ix86+x86_64 | 4.5 | 6.00 | 30.00 | 36.00 | NOTE |
Version: 4.5
Check: R code for possible problems
Result: NOTE
bedplot: no visible global function definition for 'read.table'
bedplot: no visible global function definition for 'write.table'
genomeplot: no visible global function definition for 'read.table'
genomeplot: no visible global function definition for 'write.table'
nplplot: no visible global function definition for 'read.table'
nplplot: no visible global function definition for 'abline'
nplplot: no visible global function definition for 'rainbow'
nplplot: no visible global function definition for 'points'
nplplot: no visible global function definition for 'lines'
nplplot: no visible global function definition for 'par'
nplplot: no visible global function definition for 'axis'
nplplot: no visible global function definition for 'legend'
nplplot.multi: no visible global function definition for 'dev.cur'
nplplot.multi: no visible global function definition for 'postscript'
nplplot.multi: no visible global function definition for 'pdf'
nplplot.multi: no visible global function definition for 'par'
nplplot.multi: no visible global function definition for 'dev.off'
nplplot.old: no visible global function definition for 'par'
nplplot.old: no visible global function definition for 'dev.off'
nplplot.old: no visible global function definition for 'dev.list'
nplplot.old: no visible global function definition for 'postscript'
nplplot.old: no visible global function definition for 'pdf'
nplplot.old: no visible global function definition for 'read.table'
nplplot.old: no visible global function definition for 'abline'
nplplot.old: no visible global function definition for 'title'
nplplot.old: no visible global function definition for 'points'
nplplot.old: no visible global function definition for 'lines'
nplplot.old: no visible global function definition for 'legend'
nplplot.old: no visible global function definition for 'axis'
prepareplot: no visible global function definition for 'read.table'
prepareplot: no visible global function definition for 'approxfun'
prepareplot: no visible global function definition for 'write.table'
Undefined global functions or variables:
abline approxfun axis dev.cur dev.list dev.off legend lines par pdf
points postscript rainbow read.table title write.table
Consider adding
importFrom("grDevices", "dev.cur", "dev.list", "dev.off", "pdf",
"postscript", "rainbow")
importFrom("graphics", "abline", "axis", "legend", "lines", "par",
"points", "title")
importFrom("stats", "approxfun")
importFrom("utils", "read.table", "write.table")
to your NAMESPACE file.
Flavors: r-devel-linux-x86_64-debian-clang, r-devel-linux-x86_64-debian-gcc, r-devel-linux-x86_64-fedora-clang, r-devel-linux-x86_64-fedora-gcc, r-patched-linux-x86_64, r-release-linux-x86_64, r-release-macos-arm64, r-release-macos-x86_64, r-release-windows-x86_64, r-oldrel-macos-arm64, r-oldrel-macos-x86_64, r-oldrel-windows-ix86+x86_64