Last updated on 2022-04-24 03:52:32 CEST.
Flavor | Version | Tinstall | Tcheck | Ttotal | Status | Flags |
---|---|---|---|---|---|---|
r-devel-linux-x86_64-debian-clang | 1.0.0 | 3.07 | 35.65 | 38.72 | OK | |
r-devel-linux-x86_64-debian-gcc | 1.0.0 | 2.08 | 27.90 | 29.98 | OK | |
r-devel-linux-x86_64-fedora-clang | 1.0.0 | 47.21 | NOTE | |||
r-devel-linux-x86_64-fedora-gcc | 1.0.0 | 34.59 | NOTE | |||
r-patched-linux-x86_64 | 1.0.0 | 3.00 | 34.81 | 37.81 | OK | |
r-release-linux-x86_64 | 1.0.0 | 2.64 | 34.22 | 36.86 | OK | |
r-release-macos-arm64 | 1.0.0 | NOTE | ||||
r-release-macos-x86_64 | 1.0.0 | NOTE | ||||
r-release-windows-x86_64 | 1.0.0 | 13.00 | 50.00 | 63.00 | OK | |
r-oldrel-macos-arm64 | 1.0.0 | NOTE | ||||
r-oldrel-macos-x86_64 | 1.0.0 | NOTE | ||||
r-oldrel-windows-ix86+x86_64 | 1.0.0 | 6.00 | 43.00 | 49.00 | OK |
Version: 1.0.0
Check: dependencies in R code
Result: NOTE
Namespace in Imports field not imported from: ‘crayon’
All declared Imports should be used.
Flavors: r-devel-linux-x86_64-fedora-clang, r-devel-linux-x86_64-fedora-gcc, r-release-macos-arm64, r-release-macos-x86_64, r-oldrel-macos-arm64, r-oldrel-macos-x86_64