Last updated on 2022-04-24 03:52:32 CEST.
Flavor | Version | Tinstall | Tcheck | Ttotal | Status | Flags |
---|---|---|---|---|---|---|
r-devel-linux-x86_64-debian-clang | 1.0.5 | 16.69 | 221.04 | 237.73 | OK | |
r-devel-linux-x86_64-debian-gcc | 1.0.5 | 13.51 | 162.76 | 176.27 | OK | |
r-devel-linux-x86_64-fedora-clang | 1.0.5 | 281.42 | NOTE | |||
r-devel-linux-x86_64-fedora-gcc | 1.0.5 | 275.38 | NOTE | |||
r-patched-linux-x86_64 | 1.0.5 | 18.98 | 207.31 | 226.29 | OK | |
r-release-linux-x86_64 | 1.0.5 | 16.88 | 199.90 | 216.78 | OK | |
r-release-macos-arm64 | 1.0.5 | NOTE | ||||
r-release-macos-x86_64 | 1.0.5 | NOTE | ||||
r-release-windows-x86_64 | 1.0.5 | 338.00 | 266.00 | 604.00 | OK | |
r-oldrel-macos-arm64 | 1.0.5 | NOTE | ||||
r-oldrel-macos-x86_64 | 1.0.5 | NOTE | ||||
r-oldrel-windows-ix86+x86_64 | 1.0.5 | 35.00 | 253.00 | 288.00 | OK |
Version: 1.0.5
Check: dependencies in R code
Result: NOTE
Namespace in Imports field not imported from: ‘rlang’
All declared Imports should be used.
Flavors: r-devel-linux-x86_64-fedora-clang, r-devel-linux-x86_64-fedora-gcc, r-release-macos-arm64, r-release-macos-x86_64, r-oldrel-macos-arm64, r-oldrel-macos-x86_64