Last updated on 2022-04-24 03:52:32 CEST.
Flavor | Version | Tinstall | Tcheck | Ttotal | Status | Flags |
---|---|---|---|---|---|---|
r-devel-linux-x86_64-debian-clang | 1.1.0 | 6.37 | 53.35 | 59.72 | NOTE | |
r-devel-linux-x86_64-debian-gcc | 1.1.0 | 6.81 | 40.81 | 47.62 | NOTE | |
r-devel-linux-x86_64-fedora-clang | 1.1.0 | 75.43 | NOTE | |||
r-devel-linux-x86_64-fedora-gcc | 1.1.0 | 63.22 | NOTE | |||
r-patched-linux-x86_64 | 1.1.0 | 9.40 | 51.24 | 60.64 | NOTE | |
r-release-linux-x86_64 | 1.1.0 | 8.75 | 50.86 | 59.61 | NOTE | |
r-release-macos-arm64 | 1.1.0 | NOTE | ||||
r-release-macos-x86_64 | 1.1.0 | NOTE | ||||
r-release-windows-x86_64 | 1.1.0 | 46.00 | 75.00 | 121.00 | NOTE | |
r-oldrel-macos-arm64 | 1.1.0 | NOTE | ||||
r-oldrel-macos-x86_64 | 1.1.0 | NOTE | ||||
r-oldrel-windows-ix86+x86_64 | 1.1.0 | 16.00 | 60.00 | 76.00 | NOTE |
Version: 1.1.0
Check: LazyData
Result: NOTE
'LazyData' is specified without a 'data' directory
Flavors: r-devel-linux-x86_64-debian-clang, r-devel-linux-x86_64-debian-gcc, r-devel-linux-x86_64-fedora-clang, r-devel-linux-x86_64-fedora-gcc, r-patched-linux-x86_64, r-release-linux-x86_64, r-release-macos-arm64, r-release-macos-x86_64, r-release-windows-x86_64, r-oldrel-macos-arm64, r-oldrel-macos-x86_64, r-oldrel-windows-ix86+x86_64