Last updated on 2022-04-24 03:52:32 CEST.
Flavor | Version | Tinstall | Tcheck | Ttotal | Status | Flags |
---|---|---|---|---|---|---|
r-devel-linux-x86_64-debian-clang | 1.0.1 | 4.07 | 303.95 | 308.02 | NOTE | |
r-devel-linux-x86_64-debian-gcc | 1.0.1 | 2.31 | 189.79 | 192.10 | NOTE | |
r-devel-linux-x86_64-fedora-clang | 1.0.1 | 306.28 | NOTE | |||
r-devel-linux-x86_64-fedora-gcc | 1.0.1 | 296.57 | NOTE | |||
r-patched-linux-x86_64 | 1.0.1 | 4.27 | 248.46 | 252.73 | NOTE | |
r-release-linux-x86_64 | 1.0.1 | 3.35 | 255.64 | 258.99 | NOTE | |
r-release-macos-arm64 | 1.0.1 | NOTE | ||||
r-release-macos-x86_64 | 1.0.1 | NOTE | ||||
r-release-windows-x86_64 | 1.0.1 | 35.00 | 262.00 | 297.00 | NOTE | |
r-oldrel-macos-arm64 | 1.0.1 | NOTE | ||||
r-oldrel-macos-x86_64 | 1.0.1 | NOTE | ||||
r-oldrel-windows-ix86+x86_64 | 1.0.1 | 7.00 | 285.00 | 292.00 | NOTE |
Version: 1.0.1
Check: LazyData
Result: NOTE
'LazyData' is specified without a 'data' directory
Flavors: r-devel-linux-x86_64-debian-clang, r-devel-linux-x86_64-debian-gcc, r-devel-linux-x86_64-fedora-clang, r-devel-linux-x86_64-fedora-gcc, r-patched-linux-x86_64, r-release-linux-x86_64, r-release-macos-arm64, r-release-macos-x86_64, r-release-windows-x86_64, r-oldrel-macos-arm64, r-oldrel-macos-x86_64, r-oldrel-windows-ix86+x86_64