Last updated on 2022-04-24 03:52:32 CEST.
Flavor | Version | Tinstall | Tcheck | Ttotal | Status | Flags |
---|---|---|---|---|---|---|
r-devel-linux-x86_64-debian-clang | 1.0.1 | 2.47 | 33.49 | 35.96 | OK | |
r-devel-linux-x86_64-debian-gcc | 1.0.1 | 1.77 | 26.20 | 27.97 | OK | |
r-devel-linux-x86_64-fedora-clang | 1.0.1 | 43.81 | NOTE | |||
r-devel-linux-x86_64-fedora-gcc | 1.0.1 | 32.31 | NOTE | |||
r-patched-linux-x86_64 | 1.0.1 | 2.65 | 32.74 | 35.39 | OK | |
r-release-linux-x86_64 | 1.0.1 | 2.19 | 32.05 | 34.24 | OK | |
r-release-macos-arm64 | 1.0.1 | NOTE | ||||
r-release-macos-x86_64 | 1.0.1 | NOTE | ||||
r-release-windows-x86_64 | 1.0.1 | 17.00 | 50.00 | 67.00 | OK | |
r-oldrel-macos-arm64 | 1.0.1 | NOTE | ||||
r-oldrel-macos-x86_64 | 1.0.1 | NOTE | ||||
r-oldrel-windows-ix86+x86_64 | 1.0.1 | 5.00 | 37.00 | 42.00 | OK |
Version: 1.0.1
Check: data for non-ASCII characters
Result: NOTE
Note: found 1 marked UTF-8 string
Flavors: r-devel-linux-x86_64-fedora-clang, r-devel-linux-x86_64-fedora-gcc, r-release-macos-arm64, r-release-macos-x86_64, r-oldrel-macos-arm64, r-oldrel-macos-x86_64