Last updated on 2022-04-24 03:52:32 CEST.
Flavor | Version | Tinstall | Tcheck | Ttotal | Status | Flags |
---|---|---|---|---|---|---|
r-devel-linux-x86_64-debian-clang | 0.1.1 | 3.43 | 35.28 | 38.71 | NOTE | |
r-devel-linux-x86_64-debian-gcc | 0.1.1 | 2.52 | 26.52 | 29.04 | NOTE | |
r-devel-linux-x86_64-fedora-clang | 0.1.1 | 45.21 | NOTE | |||
r-devel-linux-x86_64-fedora-gcc | 0.1.1 | 34.29 | NOTE | |||
r-patched-linux-x86_64 | 0.1.1 | 3.19 | 33.18 | 36.37 | NOTE | |
r-release-linux-x86_64 | 0.1.1 | 2.56 | 33.31 | 35.87 | NOTE | |
r-release-macos-arm64 | 0.1.1 | NOTE | ||||
r-release-macos-x86_64 | 0.1.1 | NOTE | ||||
r-release-windows-x86_64 | 0.1.1 | 16.00 | 48.00 | 64.00 | NOTE | |
r-oldrel-macos-arm64 | 0.1.1 | NOTE | ||||
r-oldrel-macos-x86_64 | 0.1.1 | NOTE | ||||
r-oldrel-windows-ix86+x86_64 | 0.1.1 | 6.00 | 27.00 | 33.00 | NOTE |
Version: 0.1.1
Check: LazyData
Result: NOTE
'LazyData' is specified without a 'data' directory
Flavors: r-devel-linux-x86_64-debian-clang, r-devel-linux-x86_64-debian-gcc, r-devel-linux-x86_64-fedora-clang, r-devel-linux-x86_64-fedora-gcc, r-patched-linux-x86_64, r-release-linux-x86_64, r-release-macos-arm64, r-release-macos-x86_64, r-release-windows-x86_64, r-oldrel-macos-arm64, r-oldrel-macos-x86_64, r-oldrel-windows-ix86+x86_64