Last updated on 2022-04-24 03:52:32 CEST.
Flavor | Version | Tinstall | Tcheck | Ttotal | Status | Flags |
---|---|---|---|---|---|---|
r-devel-linux-x86_64-debian-clang | 0.2.0 | 6.59 | 72.45 | 79.04 | NOTE | |
r-devel-linux-x86_64-debian-gcc | 0.2.0 | 6.31 | 54.60 | 60.91 | NOTE | |
r-devel-linux-x86_64-fedora-clang | 0.2.0 | 93.65 | NOTE | |||
r-devel-linux-x86_64-fedora-gcc | 0.2.0 | 80.60 | NOTE | |||
r-patched-linux-x86_64 | 0.2.0 | 6.98 | 68.45 | 75.43 | NOTE | |
r-release-linux-x86_64 | 0.2.0 | 4.64 | 65.08 | 69.72 | NOTE | |
r-release-macos-arm64 | 0.2.0 | NOTE | ||||
r-release-macos-x86_64 | 0.2.0 | NOTE | ||||
r-release-windows-x86_64 | 0.2.0 | 12.00 | 82.00 | 94.00 | NOTE | |
r-oldrel-macos-arm64 | 0.2.0 | NOTE | ||||
r-oldrel-macos-x86_64 | 0.2.0 | NOTE | ||||
r-oldrel-windows-ix86+x86_64 | 0.2.0 | 15.00 | 70.00 | 85.00 | NOTE |
Version: 0.2.0
Check: LazyData
Result: NOTE
'LazyData' is specified without a 'data' directory
Flavors: r-devel-linux-x86_64-debian-clang, r-devel-linux-x86_64-debian-gcc, r-devel-linux-x86_64-fedora-clang, r-devel-linux-x86_64-fedora-gcc, r-patched-linux-x86_64, r-release-linux-x86_64, r-release-macos-arm64, r-release-macos-x86_64, r-release-windows-x86_64, r-oldrel-macos-arm64, r-oldrel-macos-x86_64, r-oldrel-windows-ix86+x86_64