Last updated on 2022-04-24 03:52:32 CEST.
Flavor | Version | Tinstall | Tcheck | Ttotal | Status | Flags |
---|---|---|---|---|---|---|
r-devel-linux-x86_64-debian-clang | 0.1 | 2.02 | 43.65 | 45.67 | OK | |
r-devel-linux-x86_64-debian-gcc | 0.1 | 1.95 | 33.95 | 35.90 | OK | |
r-devel-linux-x86_64-fedora-clang | 0.1 | 56.22 | NOTE | |||
r-devel-linux-x86_64-fedora-gcc | 0.1 | 44.68 | NOTE | |||
r-patched-linux-x86_64 | 0.1 | 2.26 | 41.99 | 44.25 | OK | |
r-release-linux-x86_64 | 0.1 | 1.74 | 41.17 | 42.91 | OK | |
r-release-macos-arm64 | 0.1 | NOTE | ||||
r-release-macos-x86_64 | 0.1 | NOTE | ||||
r-release-windows-x86_64 | 0.1 | 25.00 | 142.00 | 167.00 | OK | |
r-oldrel-macos-arm64 | 0.1 | NOTE | ||||
r-oldrel-macos-x86_64 | 0.1 | NOTE | ||||
r-oldrel-windows-ix86+x86_64 | 0.1 | 6.00 | 125.00 | 131.00 | OK |
Version: 0.1
Check: dependencies in R code
Result: NOTE
Namespaces in Imports field not imported from:
‘ggplot2’ ‘qpdf’ ‘stringr’
All declared Imports should be used.
Flavors: r-devel-linux-x86_64-fedora-clang, r-devel-linux-x86_64-fedora-gcc, r-release-macos-arm64, r-release-macos-x86_64, r-oldrel-macos-arm64, r-oldrel-macos-x86_64