Last updated on 2022-04-24 03:52:32 CEST.
Flavor | Version | Tinstall | Tcheck | Ttotal | Status | Flags |
---|---|---|---|---|---|---|
r-devel-linux-x86_64-debian-clang | 0.4.0 | 12.81 | 78.46 | 91.27 | OK | |
r-devel-linux-x86_64-debian-gcc | 0.4.0 | 10.04 | 59.90 | 69.94 | OK | |
r-devel-linux-x86_64-fedora-clang | 0.4.0 | 111.45 | NOTE | |||
r-devel-linux-x86_64-fedora-gcc | 0.4.0 | 98.66 | NOTE | |||
r-patched-linux-x86_64 | 0.4.0 | 13.00 | 75.35 | 88.35 | OK | |
r-release-linux-x86_64 | 0.4.0 | 10.36 | 70.74 | 81.10 | OK | |
r-release-macos-arm64 | 0.4.0 | NOTE | ||||
r-release-macos-x86_64 | 0.4.0 | NOTE | ||||
r-release-windows-x86_64 | 0.4.0 | 28.00 | 242.00 | 270.00 | OK | |
r-oldrel-macos-arm64 | 0.4.0 | NOTE | ||||
r-oldrel-macos-x86_64 | 0.4.0 | NOTE | ||||
r-oldrel-windows-ix86+x86_64 | 0.4.0 | 21.00 | 79.00 | 100.00 | OK |
Version: 0.4.0
Check: data for non-ASCII characters
Result: NOTE
Note: found 6409 marked UTF-8 strings
Flavors: r-devel-linux-x86_64-fedora-clang, r-devel-linux-x86_64-fedora-gcc, r-release-macos-arm64, r-release-macos-x86_64, r-oldrel-macos-arm64, r-oldrel-macos-x86_64
Version: 0.4.0
Check: installed package size
Result: NOTE
installed size is 5.3Mb
sub-directories of 1Mb or more:
data 5.0Mb
Flavors: r-release-macos-arm64, r-oldrel-macos-arm64