Last updated on 2022-04-24 03:52:32 CEST.
Flavor | Version | Tinstall | Tcheck | Ttotal | Status | Flags |
---|---|---|---|---|---|---|
r-devel-linux-x86_64-debian-clang | 0.3.0 | 2.53 | 30.29 | 32.82 | OK | |
r-devel-linux-x86_64-debian-gcc | 0.3.0 | 2.37 | 23.50 | 25.87 | OK | |
r-devel-linux-x86_64-fedora-clang | 0.3.0 | 41.14 | NOTE | |||
r-devel-linux-x86_64-fedora-gcc | 0.3.0 | 29.71 | NOTE | |||
r-patched-linux-x86_64 | 0.3.0 | 3.09 | 29.21 | 32.30 | OK | |
r-release-linux-x86_64 | 0.3.0 | 2.03 | 28.34 | 30.37 | OK | |
r-release-macos-arm64 | 0.3.0 | NOTE | ||||
r-release-macos-x86_64 | 0.3.0 | NOTE | ||||
r-release-windows-x86_64 | 0.3.0 | 23.00 | 52.00 | 75.00 | OK | |
r-oldrel-macos-arm64 | 0.3.0 | NOTE | ||||
r-oldrel-macos-x86_64 | 0.3.0 | NOTE | ||||
r-oldrel-windows-ix86+x86_64 | 0.3.0 | 7.00 | 27.00 | 34.00 | OK |
Version: 0.3.0
Check: data for non-ASCII characters
Result: NOTE
Note: found 7284 marked UTF-8 strings
Flavors: r-devel-linux-x86_64-fedora-clang, r-devel-linux-x86_64-fedora-gcc, r-release-macos-arm64, r-release-macos-x86_64, r-oldrel-macos-arm64, r-oldrel-macos-x86_64