Last updated on 2022-04-24 03:52:32 CEST.
Flavor | Version | Tinstall | Tcheck | Ttotal | Status | Flags |
---|---|---|---|---|---|---|
r-devel-linux-x86_64-debian-clang | 0.2.1 | 2.89 | 42.41 | 45.30 | NOTE | |
r-devel-linux-x86_64-debian-gcc | 0.2.1 | 2.40 | 32.52 | 34.92 | NOTE | |
r-devel-linux-x86_64-fedora-clang | 0.2.1 | 55.20 | NOTE | |||
r-devel-linux-x86_64-fedora-gcc | 0.2.1 | 42.59 | NOTE | |||
r-patched-linux-x86_64 | 0.2.1 | 2.27 | 41.12 | 43.39 | NOTE | |
r-release-linux-x86_64 | 0.2.1 | 2.63 | 40.08 | 42.71 | NOTE | |
r-release-macos-arm64 | 0.2.1 | NOTE | ||||
r-release-macos-x86_64 | 0.2.1 | NOTE | ||||
r-release-windows-x86_64 | 0.2.1 | 21.00 | 62.00 | 83.00 | NOTE | |
r-oldrel-macos-arm64 | 0.2.1 | NOTE | ||||
r-oldrel-macos-x86_64 | 0.2.1 | NOTE | ||||
r-oldrel-windows-ix86+x86_64 | 0.2.1 | 8.00 | 50.00 | 58.00 | NOTE |
Version: 0.2.1
Check: LazyData
Result: NOTE
'LazyData' is specified without a 'data' directory
Flavors: r-devel-linux-x86_64-debian-clang, r-devel-linux-x86_64-debian-gcc, r-devel-linux-x86_64-fedora-clang, r-devel-linux-x86_64-fedora-gcc, r-patched-linux-x86_64, r-release-linux-x86_64, r-release-macos-arm64, r-release-macos-x86_64, r-release-windows-x86_64, r-oldrel-macos-arm64, r-oldrel-macos-x86_64, r-oldrel-windows-ix86+x86_64