Last updated on 2022-04-24 03:52:32 CEST.
Flavor | Version | Tinstall | Tcheck | Ttotal | Status | Flags |
---|---|---|---|---|---|---|
r-devel-linux-x86_64-debian-clang | 0.6.7 | 5.56 | 41.61 | 47.17 | NOTE | |
r-devel-linux-x86_64-debian-gcc | 0.6.7 | 2.69 | 31.87 | 34.56 | NOTE | |
r-devel-linux-x86_64-fedora-clang | 0.6.7 | 58.80 | NOTE | |||
r-devel-linux-x86_64-fedora-gcc | 0.6.7 | 48.72 | NOTE | |||
r-patched-linux-x86_64 | 0.6.7 | 6.15 | 40.04 | 46.19 | OK | |
r-release-linux-x86_64 | 0.6.7 | 5.96 | 38.21 | 44.17 | OK | |
r-release-macos-arm64 | 0.6.7 | OK | ||||
r-release-macos-x86_64 | 0.6.7 | OK | ||||
r-release-windows-x86_64 | 0.6.7 | 92.00 | 61.00 | 153.00 | OK | |
r-oldrel-macos-arm64 | 0.6.7 | OK | ||||
r-oldrel-macos-x86_64 | 0.6.7 | OK | ||||
r-oldrel-windows-ix86+x86_64 | 0.6.7 | 12.00 | 46.00 | 58.00 | OK |
Version: 0.6.7
Check: Rd files
Result: NOTE
checkRd: (7) file 'PropertySet-class.Rd': \item in \describe must have non-empty label
Flavors: r-devel-linux-x86_64-debian-clang, r-devel-linux-x86_64-debian-gcc, r-devel-linux-x86_64-fedora-clang, r-devel-linux-x86_64-fedora-gcc