Last updated on 2022-04-24 03:52:32 CEST.
Flavor | Version | Tinstall | Tcheck | Ttotal | Status | Flags |
---|---|---|---|---|---|---|
r-devel-linux-x86_64-debian-clang | 0.1.1 | 53.40 | 131.15 | 184.55 | NOTE | |
r-devel-linux-x86_64-debian-gcc | 0.1.1 | 42.11 | 95.78 | 137.89 | NOTE | |
r-devel-linux-x86_64-fedora-clang | 0.1.1 | 254.50 | NOTE | |||
r-devel-linux-x86_64-fedora-gcc | 0.1.1 | 231.89 | NOTE | |||
r-patched-linux-x86_64 | 0.1.1 | 46.64 | 121.73 | 168.37 | NOTE | |
r-release-linux-x86_64 | 0.1.1 | 46.28 | 113.83 | 160.11 | NOTE | |
r-release-macos-arm64 | 0.1.1 | NOTE | ||||
r-release-macos-x86_64 | 0.1.1 | NOTE | ||||
r-release-windows-x86_64 | 0.1.1 | 53.00 | 146.00 | 199.00 | NOTE | |
r-oldrel-macos-arm64 | 0.1.1 | NOTE | ||||
r-oldrel-macos-x86_64 | 0.1.1 | NOTE | ||||
r-oldrel-windows-ix86+x86_64 | 0.1.1 | 119.00 | 181.00 | 300.00 | NOTE |
Version: 0.1.1
Check: LazyData
Result: NOTE
'LazyData' is specified without a 'data' directory
Flavors: r-devel-linux-x86_64-debian-clang, r-devel-linux-x86_64-debian-gcc, r-devel-linux-x86_64-fedora-clang, r-devel-linux-x86_64-fedora-gcc, r-patched-linux-x86_64, r-release-linux-x86_64, r-release-macos-arm64, r-release-macos-x86_64, r-release-windows-x86_64, r-oldrel-macos-arm64, r-oldrel-macos-x86_64, r-oldrel-windows-ix86+x86_64