Last updated on 2022-04-24 03:52:32 CEST.
Flavor | Version | Tinstall | Tcheck | Ttotal | Status | Flags |
---|---|---|---|---|---|---|
r-devel-linux-x86_64-debian-clang | 1.0 | 2.15 | 31.62 | 33.77 | NOTE | |
r-devel-linux-x86_64-debian-gcc | 1.0 | 1.32 | 24.09 | 25.41 | NOTE | |
r-devel-linux-x86_64-fedora-clang | 1.0 | 40.68 | NOTE | |||
r-devel-linux-x86_64-fedora-gcc | 1.0 | 29.30 | NOTE | |||
r-patched-linux-x86_64 | 1.0 | 1.73 | 30.34 | 32.07 | NOTE | |
r-release-linux-x86_64 | 1.0 | 1.75 | 29.55 | 31.30 | NOTE | |
r-release-macos-arm64 | 1.0 | NOTE | ||||
r-release-macos-x86_64 | 1.0 | NOTE | ||||
r-release-windows-x86_64 | 1.0 | 14.00 | 44.00 | 58.00 | NOTE | |
r-oldrel-macos-arm64 | 1.0 | NOTE | ||||
r-oldrel-macos-x86_64 | 1.0 | NOTE | ||||
r-oldrel-windows-ix86+x86_64 | 1.0 | 5.00 | 29.00 | 34.00 | NOTE |
Version: 1.0
Check: DESCRIPTION meta-information
Result: NOTE
Malformed Title field: should not end in a period.
Flavors: r-devel-linux-x86_64-debian-clang, r-devel-linux-x86_64-debian-gcc, r-devel-linux-x86_64-fedora-clang, r-devel-linux-x86_64-fedora-gcc, r-patched-linux-x86_64, r-release-linux-x86_64, r-release-macos-arm64, r-release-macos-x86_64, r-release-windows-x86_64, r-oldrel-macos-arm64, r-oldrel-macos-x86_64, r-oldrel-windows-ix86+x86_64
Version: 1.0
Check: R code for possible problems
Result: NOTE
IBMD: no visible global function definition for 'runif'
IBMD: no visible global function definition for 'quantile'
RAI: no visible global function definition for 'runif'
RAI: no visible global function definition for 'quantile'
Undefined global functions or variables:
quantile runif
Consider adding
importFrom("stats", "quantile", "runif")
to your NAMESPACE file.
Flavors: r-devel-linux-x86_64-debian-clang, r-devel-linux-x86_64-debian-gcc, r-devel-linux-x86_64-fedora-clang, r-devel-linux-x86_64-fedora-gcc, r-patched-linux-x86_64, r-release-linux-x86_64, r-release-macos-arm64, r-release-macos-x86_64, r-release-windows-x86_64, r-oldrel-macos-arm64, r-oldrel-macos-x86_64, r-oldrel-windows-ix86+x86_64