Last updated on 2022-04-24 03:52:32 CEST.
Flavor | Version | Tinstall | Tcheck | Ttotal | Status | Flags |
---|---|---|---|---|---|---|
r-devel-linux-x86_64-debian-clang | 0.1.2 | 5.37 | 66.29 | 71.66 | NOTE | |
r-devel-linux-x86_64-debian-gcc | 0.1.2 | 3.94 | 49.68 | 53.62 | NOTE | |
r-devel-linux-x86_64-fedora-clang | 0.1.2 | 84.53 | NOTE | |||
r-devel-linux-x86_64-fedora-gcc | 0.1.2 | 72.47 | NOTE | |||
r-patched-linux-x86_64 | 0.1.2 | 4.23 | 61.45 | 65.68 | NOTE | |
r-release-linux-x86_64 | 0.1.2 | 3.88 | 56.20 | 60.08 | NOTE | |
r-release-macos-arm64 | 0.1.2 | NOTE | ||||
r-release-macos-x86_64 | 0.1.2 | NOTE | ||||
r-release-windows-x86_64 | 0.1.2 | 16.00 | 76.00 | 92.00 | NOTE | |
r-oldrel-macos-arm64 | 0.1.2 | NOTE | ||||
r-oldrel-macos-x86_64 | 0.1.2 | NOTE | ||||
r-oldrel-windows-ix86+x86_64 | 0.1.2 | 14.00 | 67.00 | 81.00 | NOTE |
Version: 0.1.2
Check: LazyData
Result: NOTE
'LazyData' is specified without a 'data' directory
Flavors: r-devel-linux-x86_64-debian-clang, r-devel-linux-x86_64-debian-gcc, r-devel-linux-x86_64-fedora-clang, r-devel-linux-x86_64-fedora-gcc, r-patched-linux-x86_64, r-release-linux-x86_64, r-release-macos-arm64, r-release-macos-x86_64, r-release-windows-x86_64, r-oldrel-macos-arm64, r-oldrel-macos-x86_64, r-oldrel-windows-ix86+x86_64
Version: 0.1.2
Check: Rd cross-references
Result: NOTE
Undeclared packages ‘ensurer’, ‘validate’ in Rd xrefs
Flavor: r-devel-linux-x86_64-fedora-clang