Last updated on 2022-04-24 03:52:32 CEST.
Flavor | Version | Tinstall | Tcheck | Ttotal | Status | Flags |
---|---|---|---|---|---|---|
r-devel-linux-x86_64-debian-clang | 0.5.4 | 13.17 | 170.10 | 183.27 | OK | |
r-devel-linux-x86_64-debian-gcc | 0.5.4 | 10.48 | 121.78 | 132.26 | OK | |
r-devel-linux-x86_64-fedora-clang | 0.5.4 | 227.60 | NOTE | |||
r-devel-linux-x86_64-fedora-gcc | 0.5.4 | 211.80 | NOTE | |||
r-patched-linux-x86_64 | 0.5.4 | 15.54 | 157.12 | 172.66 | OK | |
r-release-linux-x86_64 | 0.5.4 | 11.68 | 125.11 | 136.79 | OK | |
r-release-macos-arm64 | 0.5.4 | NOTE | ||||
r-release-macos-x86_64 | 0.5.4 | NOTE | ||||
r-release-windows-x86_64 | 0.5.4 | 40.00 | 223.00 | 263.00 | OK | |
r-oldrel-macos-arm64 | 0.5.4 | NOTE | ||||
r-oldrel-macos-x86_64 | 0.5.4 | NOTE | ||||
r-oldrel-windows-ix86+x86_64 | 0.5.4 | 29.00 | 229.00 | 258.00 | OK |
Version: 0.5.4
Check: dependencies in R code
Result: NOTE
Namespace in Imports field not imported from: ‘httr’
All declared Imports should be used.
Flavors: r-devel-linux-x86_64-fedora-clang, r-devel-linux-x86_64-fedora-gcc, r-release-macos-arm64, r-release-macos-x86_64, r-oldrel-macos-arm64, r-oldrel-macos-x86_64
Version: 0.5.4
Check: data for non-ASCII characters
Result: NOTE
Note: found 6 marked UTF-8 strings
Flavors: r-devel-linux-x86_64-fedora-clang, r-devel-linux-x86_64-fedora-gcc, r-release-macos-arm64, r-release-macos-x86_64, r-oldrel-macos-arm64, r-oldrel-macos-x86_64