Last updated on 2022-04-24 03:52:32 CEST.
Flavor | Version | Tinstall | Tcheck | Ttotal | Status | Flags |
---|---|---|---|---|---|---|
r-devel-linux-x86_64-debian-clang | 1.8.4 | 75.37 | 538.11 | 613.48 | OK | |
r-devel-linux-x86_64-debian-gcc | 1.8.4 | 59.45 | 382.03 | 441.48 | OK | |
r-devel-linux-x86_64-fedora-clang | 1.8.4 | 716.02 | NOTE | |||
r-devel-linux-x86_64-fedora-gcc | 1.8.4 | 674.64 | OK | |||
r-patched-linux-x86_64 | 1.8.4 | 64.23 | 499.04 | 563.27 | OK | |
r-release-linux-x86_64 | 1.8.4 | 63.30 | 471.74 | 535.04 | OK | |
r-release-macos-arm64 | 1.8.4 | NOTE | ||||
r-release-macos-x86_64 | 1.8.4 | NOTE | ||||
r-release-windows-x86_64 | 1.8.4 | 97.00 | 454.00 | 551.00 | NOTE | |
r-oldrel-macos-arm64 | 1.8.4 | NOTE | ||||
r-oldrel-macos-x86_64 | 1.8.4 | NOTE | ||||
r-oldrel-windows-ix86+x86_64 | 1.8.4 | 133.00 | 516.00 | 649.00 | NOTE |
Version: 1.8.4
Check: installed package size
Result: NOTE
installed size is 5.3Mb
sub-directories of 1Mb or more:
R 1.5Mb
doc 1.2Mb
extdata 1.9Mb
Flavors: r-devel-linux-x86_64-fedora-clang, r-release-macos-arm64, r-release-macos-x86_64, r-release-windows-x86_64, r-oldrel-macos-arm64, r-oldrel-macos-x86_64, r-oldrel-windows-ix86+x86_64