Last updated on 2022-04-24 03:52:32 CEST.
Flavor | Version | Tinstall | Tcheck | Ttotal | Status | Flags |
---|---|---|---|---|---|---|
r-devel-linux-x86_64-debian-clang | 0.1.1 | 38.96 | 384.30 | 423.26 | OK | |
r-devel-linux-x86_64-debian-gcc | 0.1.1 | 30.93 | 281.30 | 312.23 | OK | |
r-devel-linux-x86_64-fedora-clang | 0.1.1 | 499.21 | NOTE | |||
r-devel-linux-x86_64-fedora-gcc | 0.1.1 | 478.22 | OK | |||
r-patched-linux-x86_64 | 0.1.1 | 44.29 | 365.17 | 409.46 | OK | |
r-release-linux-x86_64 | 0.1.1 | 31.46 | 337.84 | 369.30 | OK | |
r-release-macos-arm64 | 0.1.1 | NOTE | ||||
r-release-macos-x86_64 | 0.1.1 | NOTE | ||||
r-release-windows-x86_64 | 0.1.1 | 70.00 | 380.00 | 450.00 | NOTE | |
r-oldrel-macos-arm64 | 0.1.1 | NOTE | ||||
r-oldrel-macos-x86_64 | 0.1.1 | NOTE | ||||
r-oldrel-windows-ix86+x86_64 | 0.1.1 | 89.00 | 429.00 | 518.00 | NOTE |
Version: 0.1.1
Check: installed package size
Result: NOTE
installed size is 6.2Mb
sub-directories of 1Mb or more:
R 1.5Mb
test_files 4.2Mb
Flavors: r-devel-linux-x86_64-fedora-clang, r-release-macos-arm64, r-release-macos-x86_64, r-release-windows-x86_64, r-oldrel-macos-arm64, r-oldrel-macos-x86_64, r-oldrel-windows-ix86+x86_64