Last updated on 2022-04-24 03:52:32 CEST.
Flavor | Version | Tinstall | Tcheck | Ttotal | Status | Flags |
---|---|---|---|---|---|---|
r-devel-linux-x86_64-debian-clang | 0.1.0 | 2.62 | 41.21 | 43.83 | NOTE | |
r-devel-linux-x86_64-debian-gcc | 0.1.0 | 1.75 | 31.50 | 33.25 | NOTE | |
r-devel-linux-x86_64-fedora-clang | 0.1.0 | 53.69 | NOTE | |||
r-devel-linux-x86_64-fedora-gcc | 0.1.0 | 41.48 | NOTE | |||
r-patched-linux-x86_64 | 0.1.0 | 2.78 | 40.17 | 42.95 | NOTE | |
r-release-linux-x86_64 | 0.1.0 | 2.29 | 39.80 | 42.09 | NOTE | |
r-release-macos-arm64 | 0.1.0 | NOTE | ||||
r-release-macos-x86_64 | 0.1.0 | NOTE | ||||
r-release-windows-x86_64 | 0.1.0 | 11.00 | 57.00 | 68.00 | NOTE | |
r-oldrel-macos-arm64 | 0.1.0 | NOTE | ||||
r-oldrel-macos-x86_64 | 0.1.0 | NOTE | ||||
r-oldrel-windows-ix86+x86_64 | 0.1.0 | 6.00 | 48.00 | 54.00 | NOTE |
Version: 0.1.0
Check: LazyData
Result: NOTE
'LazyData' is specified without a 'data' directory
Flavors: r-devel-linux-x86_64-debian-clang, r-devel-linux-x86_64-debian-gcc, r-devel-linux-x86_64-fedora-clang, r-devel-linux-x86_64-fedora-gcc, r-patched-linux-x86_64, r-release-linux-x86_64, r-release-macos-arm64, r-release-macos-x86_64, r-release-windows-x86_64, r-oldrel-macos-arm64, r-oldrel-macos-x86_64, r-oldrel-windows-ix86+x86_64