Last updated on 2022-04-24 03:52:32 CEST.
Flavor | Version | Tinstall | Tcheck | Ttotal | Status | Flags |
---|---|---|---|---|---|---|
r-devel-linux-x86_64-debian-clang | 1.3.3 | 86.69 | 68.46 | 155.15 | OK | |
r-devel-linux-x86_64-debian-gcc | 1.3.3 | 72.84 | 52.08 | 124.92 | OK | |
r-devel-linux-x86_64-fedora-clang | 1.3.3 | 218.04 | NOTE | |||
r-devel-linux-x86_64-fedora-gcc | 1.3.3 | 199.59 | OK | |||
r-patched-linux-x86_64 | 1.3.3 | 76.80 | 64.72 | 141.52 | OK | |
r-release-linux-x86_64 | 1.3.3 | 72.77 | 64.20 | 136.97 | OK | |
r-release-macos-arm64 | 1.3.3 | NOTE | ||||
r-release-macos-x86_64 | 1.3.3 | NOTE | ||||
r-release-windows-x86_64 | 1.3.3 | 100.00 | 111.00 | 211.00 | OK | |
r-oldrel-macos-arm64 | 1.3.3 | NOTE | ||||
r-oldrel-macos-x86_64 | 1.3.3 | NOTE | ||||
r-oldrel-windows-ix86+x86_64 | 1.3.3 | 216.00 | 114.00 | 330.00 | OK |
Version: 1.3.3
Check: installed package size
Result: NOTE
installed size is 5.1Mb
sub-directories of 1Mb or more:
libs 4.6Mb
Flavors: r-devel-linux-x86_64-fedora-clang, r-release-macos-arm64, r-release-macos-x86_64, r-oldrel-macos-arm64, r-oldrel-macos-x86_64