Last updated on 2022-04-24 03:52:32 CEST.
Flavor | Version | Tinstall | Tcheck | Ttotal | Status | Flags |
---|---|---|---|---|---|---|
r-devel-linux-x86_64-debian-clang | 0.1.4 | 1.63 | 33.23 | 34.86 | OK | |
r-devel-linux-x86_64-debian-gcc | 0.1.4 | 1.61 | 25.21 | 26.82 | OK | |
r-devel-linux-x86_64-fedora-clang | 0.1.4 | 43.41 | NOTE | |||
r-devel-linux-x86_64-fedora-gcc | 0.1.4 | 31.20 | NOTE | |||
r-patched-linux-x86_64 | 0.1.4 | 2.08 | 31.65 | 33.73 | OK | |
r-release-linux-x86_64 | 0.1.4 | 1.54 | 30.52 | 32.06 | OK | |
r-release-macos-arm64 | 0.1.4 | NOTE | ||||
r-release-macos-x86_64 | 0.1.4 | NOTE | ||||
r-release-windows-x86_64 | 0.1.4 | 16.00 | 49.00 | 65.00 | OK | |
r-oldrel-macos-arm64 | 0.1.4 | NOTE | ||||
r-oldrel-macos-x86_64 | 0.1.4 | NOTE | ||||
r-oldrel-windows-ix86+x86_64 | 0.1.4 | 5.00 | 39.00 | 44.00 | OK |
Version: 0.1.4
Check: dependencies in R code
Result: NOTE
Namespace in Imports field not imported from: ‘MASS’
All declared Imports should be used.
Flavors: r-devel-linux-x86_64-fedora-clang, r-devel-linux-x86_64-fedora-gcc, r-release-macos-arm64, r-release-macos-x86_64, r-oldrel-macos-arm64, r-oldrel-macos-x86_64