Last updated on 2022-04-24 03:52:32 CEST.
Flavor | Version | Tinstall | Tcheck | Ttotal | Status | Flags |
---|---|---|---|---|---|---|
r-devel-linux-x86_64-debian-clang | 2.0.1 | 9.56 | 124.93 | 134.49 | OK | |
r-devel-linux-x86_64-debian-gcc | 2.0.1 | 7.54 | 91.31 | 98.85 | OK | |
r-devel-linux-x86_64-fedora-clang | 2.0.1 | 161.56 | NOTE | |||
r-devel-linux-x86_64-fedora-gcc | 2.0.1 | 145.79 | OK | |||
r-patched-linux-x86_64 | 2.0.1 | 13.69 | 116.31 | 130.00 | OK | |
r-release-linux-x86_64 | 2.0.1 | 9.66 | 107.96 | 117.62 | OK | |
r-release-macos-arm64 | 2.0.1 | OK | ||||
r-release-macos-x86_64 | 2.0.1 | OK | ||||
r-release-windows-x86_64 | 2.0.1 | 19.00 | 145.00 | 164.00 | OK | |
r-oldrel-macos-arm64 | 2.0.1 | OK | ||||
r-oldrel-macos-x86_64 | 2.0.1 | OK | ||||
r-oldrel-windows-ix86+x86_64 | 2.0.1 | 24.00 | 122.00 | 146.00 | OK |
Version: 2.0.1
Check: Rd cross-references
Result: NOTE
Undeclared package ‘gam’ in Rd xrefs
Flavor: r-devel-linux-x86_64-fedora-clang