Last updated on 2022-04-24 03:52:32 CEST.
Flavor | Version | Tinstall | Tcheck | Ttotal | Status | Flags |
---|---|---|---|---|---|---|
r-devel-linux-x86_64-debian-clang | 0.5.0 | 17.31 | 141.02 | 158.33 | OK | |
r-devel-linux-x86_64-debian-gcc | 0.5.0 | 13.57 | 103.79 | 117.36 | OK | |
r-devel-linux-x86_64-fedora-clang | 0.5.0 | 198.70 | NOTE | |||
r-devel-linux-x86_64-fedora-gcc | 0.5.0 | 169.56 | NOTE | |||
r-patched-linux-x86_64 | 0.5.0 | 17.46 | 130.56 | 148.02 | OK | |
r-release-linux-x86_64 | 0.5.0 | 15.14 | 125.86 | 141.00 | OK | |
r-release-macos-arm64 | 0.5.0 | NOTE | ||||
r-release-macos-x86_64 | 0.5.0 | NOTE | ||||
r-release-windows-x86_64 | 0.5.0 | 31.00 | 135.00 | 166.00 | OK | |
r-oldrel-macos-arm64 | 0.5.0 | NOTE | ||||
r-oldrel-macos-x86_64 | 0.5.0 | NOTE | ||||
r-oldrel-windows-ix86+x86_64 | 0.5.0 | 35.00 | 133.00 | 168.00 | OK |
Version: 0.5.0
Check: dependencies in R code
Result: NOTE
Namespaces in Imports field not imported from:
‘RColorBrewer’ ‘graphics’
All declared Imports should be used.
Flavors: r-devel-linux-x86_64-fedora-clang, r-devel-linux-x86_64-fedora-gcc, r-release-macos-arm64, r-release-macos-x86_64, r-oldrel-macos-arm64, r-oldrel-macos-x86_64