Last updated on 2022-04-24 03:52:32 CEST.
Flavor | Version | Tinstall | Tcheck | Ttotal | Status | Flags |
---|---|---|---|---|---|---|
r-devel-linux-x86_64-debian-clang | 0.0.4 | 26.48 | 49.60 | 76.08 | NOTE | |
r-devel-linux-x86_64-debian-gcc | 0.0.4 | 19.53 | 37.05 | 56.58 | NOTE | |
r-devel-linux-x86_64-fedora-clang | 0.0.4 | 100.11 | NOTE | |||
r-devel-linux-x86_64-fedora-gcc | 0.0.4 | 79.16 | NOTE | |||
r-patched-linux-x86_64 | 0.0.4 | 19.07 | 46.15 | 65.22 | NOTE | |
r-release-linux-x86_64 | 0.0.4 | 22.80 | 45.74 | 68.54 | NOTE | |
r-release-macos-arm64 | 0.0.4 | NOTE | ||||
r-release-macos-x86_64 | 0.0.4 | NOTE | ||||
r-release-windows-x86_64 | 0.0.4 | 69.00 | 81.00 | 150.00 | NOTE | |
r-oldrel-macos-arm64 | 0.0.4 | NOTE | ||||
r-oldrel-macos-x86_64 | 0.0.4 | NOTE | ||||
r-oldrel-windows-ix86+x86_64 | 0.0.4 | 57.00 | 74.00 | 131.00 | NOTE |
Version: 0.0.4
Check: LazyData
Result: NOTE
'LazyData' is specified without a 'data' directory
Flavors: r-devel-linux-x86_64-debian-clang, r-devel-linux-x86_64-debian-gcc, r-devel-linux-x86_64-fedora-clang, r-devel-linux-x86_64-fedora-gcc, r-patched-linux-x86_64, r-release-linux-x86_64, r-release-macos-arm64, r-release-macos-x86_64, r-release-windows-x86_64, r-oldrel-macos-arm64, r-oldrel-macos-x86_64, r-oldrel-windows-ix86+x86_64