Last updated on 2022-04-24 03:52:32 CEST.
Flavor | Version | Tinstall | Tcheck | Ttotal | Status | Flags |
---|---|---|---|---|---|---|
r-devel-linux-x86_64-debian-clang | 0.1.0 | 46.08 | 36.63 | 82.71 | OK | |
r-devel-linux-x86_64-debian-gcc | 0.1.0 | 36.57 | 29.00 | 65.57 | OK | |
r-devel-linux-x86_64-fedora-clang | 0.1.0 | 121.16 | OK | |||
r-devel-linux-x86_64-fedora-gcc | 0.1.0 | 97.18 | OK | |||
r-patched-linux-x86_64 | 0.1.0 | 38.33 | 36.02 | 74.35 | OK | |
r-release-linux-x86_64 | 0.1.0 | 36.46 | 34.79 | 71.25 | OK | |
r-release-macos-arm64 | 0.1.0 | NOTE | ||||
r-release-macos-x86_64 | 0.1.0 | OK | ||||
r-release-windows-x86_64 | 0.1.0 | 42.00 | 76.00 | 118.00 | OK | |
r-oldrel-macos-arm64 | 0.1.0 | NOTE | ||||
r-oldrel-macos-x86_64 | 0.1.0 | OK | ||||
r-oldrel-windows-ix86+x86_64 | 0.1.0 | 99.00 | 73.00 | 172.00 | OK |
Version: 0.1.0
Check: installed package size
Result: NOTE
installed size is 5.0Mb
sub-directories of 1Mb or more:
libs 4.9Mb
Flavors: r-release-macos-arm64, r-oldrel-macos-arm64