Last updated on 2022-04-24 03:52:32 CEST.
Flavor | Version | Tinstall | Tcheck | Ttotal | Status | Flags |
---|---|---|---|---|---|---|
r-devel-linux-x86_64-debian-clang | 0.3.0 | 37.63 | 40.32 | 77.95 | OK | |
r-devel-linux-x86_64-debian-gcc | 0.3.0 | 31.35 | 31.66 | 63.01 | OK | |
r-devel-linux-x86_64-fedora-clang | 0.3.0 | 121.23 | NOTE | |||
r-devel-linux-x86_64-fedora-gcc | 0.3.0 | 95.66 | NOTE | |||
r-patched-linux-x86_64 | 0.3.0 | 37.46 | 39.27 | 76.73 | OK | |
r-release-linux-x86_64 | 0.3.0 | 37.71 | 36.05 | 73.76 | OK | |
r-release-macos-arm64 | 0.3.0 | OK | ||||
r-release-macos-x86_64 | 0.3.0 | OK | ||||
r-release-windows-x86_64 | 0.3.0 | 44.00 | 78.00 | 122.00 | OK | |
r-oldrel-macos-arm64 | 0.3.0 | OK | ||||
r-oldrel-macos-x86_64 | 0.3.0 | OK | ||||
r-oldrel-windows-ix86+x86_64 | 0.3.0 | 103.00 | 72.00 | 175.00 | OK |
Version: 0.3.0
Check: compiled code
Result: NOTE
File ‘olctools/libs/olctools.so’:
Found no calls to: ‘R_registerRoutines’, ‘R_useDynamicSymbols’
It is good practice to register native routines and to disable symbol
search.
See ‘Writing portable packages’ in the ‘Writing R Extensions’ manual.
Flavors: r-devel-linux-x86_64-fedora-clang, r-devel-linux-x86_64-fedora-gcc