Last updated on 2022-04-24 03:52:32 CEST.
Flavor | Version | Tinstall | Tcheck | Ttotal | Status | Flags |
---|---|---|---|---|---|---|
r-devel-linux-x86_64-debian-clang | 0.1 | 1.94 | 32.81 | 34.75 | OK | |
r-devel-linux-x86_64-debian-gcc | 0.1 | 1.98 | 26.06 | 28.04 | OK | |
r-devel-linux-x86_64-fedora-clang | 0.1 | 44.89 | NOTE | |||
r-devel-linux-x86_64-fedora-gcc | 0.1 | 33.37 | NOTE | |||
r-patched-linux-x86_64 | 0.1 | 2.69 | 33.26 | 35.95 | OK | |
r-release-linux-x86_64 | 0.1 | 2.39 | 31.91 | 34.30 | OK | |
r-release-macos-arm64 | 0.1 | NOTE | ||||
r-release-macos-x86_64 | 0.1 | NOTE | ||||
r-release-windows-x86_64 | 0.1 | 39.00 | 53.00 | 92.00 | OK | |
r-oldrel-macos-arm64 | 0.1 | NOTE | ||||
r-oldrel-macos-x86_64 | 0.1 | NOTE | ||||
r-oldrel-windows-ix86+x86_64 | 0.1 | 7.00 | 38.00 | 45.00 | OK |
Version: 0.1
Check: data for non-ASCII characters
Result: NOTE
Note: found 17 marked UTF-8 strings
Flavors: r-devel-linux-x86_64-fedora-clang, r-devel-linux-x86_64-fedora-gcc, r-release-macos-arm64, r-release-macos-x86_64, r-oldrel-macos-arm64, r-oldrel-macos-x86_64