Last updated on 2022-04-24 03:52:32 CEST.
Flavor | Version | Tinstall | Tcheck | Ttotal | Status | Flags |
---|---|---|---|---|---|---|
r-devel-linux-x86_64-debian-clang | 2.0.1.0 | 4.72 | 43.65 | 48.37 | OK | |
r-devel-linux-x86_64-debian-gcc | 2.0.1.0 | 3.27 | 32.55 | 35.82 | OK | |
r-devel-linux-x86_64-fedora-clang | 2.0.1.0 | 57.92 | NOTE | |||
r-devel-linux-x86_64-fedora-gcc | 2.0.1.0 | 45.64 | NOTE | |||
r-patched-linux-x86_64 | 2.0.1.0 | 4.64 | 40.55 | 45.19 | OK | |
r-release-linux-x86_64 | 2.0.1.0 | 4.41 | 40.16 | 44.57 | OK | |
r-release-macos-arm64 | 2.0.1.0 | NOTE | ||||
r-release-macos-x86_64 | 2.0.1.0 | NOTE | ||||
r-release-windows-x86_64 | 2.0.1.0 | 33.00 | 59.00 | 92.00 | OK | |
r-oldrel-macos-arm64 | 2.0.1.0 | NOTE | ||||
r-oldrel-macos-x86_64 | 2.0.1.0 | NOTE | ||||
r-oldrel-windows-ix86+x86_64 | 2.0.1.0 | 11.00 | 49.00 | 60.00 | OK |
Version: 2.0.1.0
Check: dependencies in R code
Result: NOTE
Namespaces in Imports field not imported from:
‘crayon’ ‘testthat’
All declared Imports should be used.
Flavors: r-devel-linux-x86_64-fedora-clang, r-devel-linux-x86_64-fedora-gcc, r-release-macos-arm64, r-release-macos-x86_64, r-oldrel-macos-arm64, r-oldrel-macos-x86_64