Last updated on 2022-04-24 03:52:32 CEST.
Flavor | Version | Tinstall | Tcheck | Ttotal | Status | Flags |
---|---|---|---|---|---|---|
r-devel-linux-x86_64-debian-clang | 1.0.0 | 40.10 | 98.10 | 138.20 | NOTE | |
r-devel-linux-x86_64-debian-gcc | 1.0.0 | 31.51 | 68.58 | 100.09 | NOTE | |
r-devel-linux-x86_64-fedora-clang | 1.0.0 | 181.55 | NOTE | |||
r-devel-linux-x86_64-fedora-gcc | 1.0.0 | 152.58 | NOTE | |||
r-patched-linux-x86_64 | 1.0.0 | 32.39 | 89.35 | 121.74 | NOTE | |
r-release-linux-x86_64 | 1.0.0 | 33.83 | 90.42 | 124.25 | NOTE | |
r-release-macos-arm64 | 1.0.0 | NOTE | ||||
r-release-macos-x86_64 | 1.0.0 | NOTE | ||||
r-release-windows-x86_64 | 1.0.0 | 72.00 | 140.00 | 212.00 | NOTE | |
r-oldrel-macos-arm64 | 1.0.0 | NOTE | ||||
r-oldrel-macos-x86_64 | 1.0.0 | NOTE | ||||
r-oldrel-windows-ix86+x86_64 | 1.0.0 | 105.00 | 178.00 | 283.00 | NOTE |
Version: 1.0.0
Check: LazyData
Result: NOTE
'LazyData' is specified without a 'data' directory
Flavors: r-devel-linux-x86_64-debian-clang, r-devel-linux-x86_64-debian-gcc, r-devel-linux-x86_64-fedora-clang, r-devel-linux-x86_64-fedora-gcc, r-patched-linux-x86_64, r-release-linux-x86_64, r-release-macos-arm64, r-release-macos-x86_64, r-release-windows-x86_64, r-oldrel-macos-arm64, r-oldrel-macos-x86_64, r-oldrel-windows-ix86+x86_64
Version: 1.0.0
Check: for GNU extensions in Makefiles
Result: NOTE
GNU make is a SystemRequirements.
Flavors: r-devel-linux-x86_64-debian-clang, r-devel-linux-x86_64-debian-gcc, r-devel-linux-x86_64-fedora-clang, r-devel-linux-x86_64-fedora-gcc, r-patched-linux-x86_64, r-release-linux-x86_64, r-release-macos-arm64, r-release-macos-x86_64, r-release-windows-x86_64, r-oldrel-macos-arm64, r-oldrel-macos-x86_64, r-oldrel-windows-ix86+x86_64
Version: 1.0.0
Check: installed package size
Result: NOTE
installed size is 13.7Mb
sub-directories of 1Mb or more:
libs 12.6Mb
Flavors: r-devel-linux-x86_64-fedora-clang, r-release-macos-arm64, r-release-macos-x86_64, r-release-windows-x86_64, r-oldrel-macos-arm64, r-oldrel-macos-x86_64, r-oldrel-windows-ix86+x86_64