Last updated on 2022-04-24 03:52:32 CEST.
Flavor | Version | Tinstall | Tcheck | Ttotal | Status | Flags |
---|---|---|---|---|---|---|
r-devel-linux-x86_64-debian-clang | 0.2.1 | 22.08 | 73.67 | 95.75 | WARN | |
r-devel-linux-x86_64-debian-gcc | 0.2.1 | 17.13 | 59.53 | 76.66 | NOTE | |
r-devel-linux-x86_64-fedora-clang | 0.2.1 | 126.22 | WARN | |||
r-devel-linux-x86_64-fedora-gcc | 0.2.1 | 107.81 | NOTE | |||
r-patched-linux-x86_64 | 0.2.1 | 16.95 | 72.34 | 89.29 | NOTE | |
r-release-linux-x86_64 | 0.2.1 | 16.50 | 70.86 | 87.36 | NOTE | |
r-release-macos-arm64 | 0.2.1 | NOTE | ||||
r-release-macos-x86_64 | 0.2.1 | NOTE | ||||
r-release-windows-x86_64 | 0.2.1 | 28.00 | 127.00 | 155.00 | NOTE | |
r-oldrel-macos-arm64 | 0.2.1 | NOTE | ||||
r-oldrel-macos-x86_64 | 0.2.1 | NOTE | ||||
r-oldrel-windows-ix86+x86_64 | 0.2.1 | 51.00 | 103.00 | 154.00 | NOTE |
Version: 0.2.1
Check: whether package can be installed
Result: WARN
Found the following significant warnings:
./oneclust.h:24:21: warning: use of bitwise '|' with boolean operands [-Wbitwise-instead-of-logical]
Flavors: r-devel-linux-x86_64-debian-clang, r-devel-linux-x86_64-fedora-clang
Version: 0.2.1
Check: LazyData
Result: NOTE
'LazyData' is specified without a 'data' directory
Flavors: r-devel-linux-x86_64-debian-clang, r-devel-linux-x86_64-debian-gcc, r-devel-linux-x86_64-fedora-clang, r-devel-linux-x86_64-fedora-gcc, r-patched-linux-x86_64, r-release-linux-x86_64, r-release-macos-arm64, r-release-macos-x86_64, r-release-windows-x86_64, r-oldrel-macos-arm64, r-oldrel-macos-x86_64, r-oldrel-windows-ix86+x86_64