Last updated on 2022-04-24 03:52:32 CEST.
Flavor | Version | Tinstall | Tcheck | Ttotal | Status | Flags |
---|---|---|---|---|---|---|
r-devel-linux-x86_64-debian-clang | 2.8.2 | 109.83 | 229.70 | 339.53 | OK | --no-vignettes |
r-devel-linux-x86_64-debian-gcc | 2.8.2 | 85.91 | 168.98 | 254.89 | OK | --no-vignettes |
r-devel-linux-x86_64-fedora-clang | 2.8.2 | 674.30 | NOTE | |||
r-devel-linux-x86_64-fedora-gcc | 2.8.2 | 623.94 | NOTE | |||
r-patched-linux-x86_64 | 2.8.2 | 88.09 | 215.49 | 303.58 | OK | --no-vignettes |
r-release-linux-x86_64 | 2.8.2 | 90.26 | 203.25 | 293.51 | OK | --no-vignettes |
r-release-macos-arm64 | 2.8.2 | NOTE | ||||
r-release-macos-x86_64 | 2.8.2 | NOTE | ||||
r-release-windows-x86_64 | 2.8.2 | 103.00 | 503.00 | 606.00 | OK | |
r-oldrel-macos-arm64 | 2.8.2 | NOTE | ||||
r-oldrel-macos-x86_64 | 2.8.2 | NOTE | ||||
r-oldrel-windows-ix86+x86_64 | 2.8.2 | 200.00 | 442.00 | 642.00 | OK |
Version: 2.8.2
Check: dependencies in R code
Result: NOTE
Namespace in Imports field not imported from: ‘stringi’
All declared Imports should be used.
Flavors: r-devel-linux-x86_64-fedora-clang, r-devel-linux-x86_64-fedora-gcc, r-release-macos-arm64, r-release-macos-x86_64, r-oldrel-macos-arm64, r-oldrel-macos-x86_64
Version: 2.8.2
Check: installed package size
Result: NOTE
installed size is 5.0Mb
sub-directories of 1Mb or more:
doc 1.4Mb
libs 2.5Mb
Flavors: r-release-macos-arm64, r-oldrel-macos-arm64