Last updated on 2022-04-24 03:52:32 CEST.
Flavor | Version | Tinstall | Tcheck | Ttotal | Status | Flags |
---|---|---|---|---|---|---|
r-devel-linux-x86_64-debian-clang | 1.0.0 | 9.60 | 88.67 | 98.27 | OK | |
r-devel-linux-x86_64-debian-gcc | 1.0.0 | 6.75 | 65.67 | 72.42 | OK | |
r-devel-linux-x86_64-fedora-clang | 1.0.0 | 117.09 | NOTE | |||
r-devel-linux-x86_64-fedora-gcc | 1.0.0 | 102.33 | NOTE | |||
r-patched-linux-x86_64 | 1.0.0 | 8.87 | 84.06 | 92.93 | OK | |
r-release-linux-x86_64 | 1.0.0 | 8.81 | 78.64 | 87.45 | OK | |
r-release-macos-arm64 | 1.0.0 | NOTE | ||||
r-release-macos-x86_64 | 1.0.0 | NOTE | ||||
r-release-windows-x86_64 | 1.0.0 | 25.00 | 98.00 | 123.00 | OK | |
r-oldrel-macos-arm64 | 1.0.0 | NOTE | ||||
r-oldrel-macos-x86_64 | 1.0.0 | NOTE | ||||
r-oldrel-windows-ix86+x86_64 | 1.0.0 | 19.00 | 91.00 | 110.00 | OK |
Version: 1.0.0
Check: data for non-ASCII characters
Result: NOTE
Note: found 34 marked UTF-8 strings
Flavors: r-devel-linux-x86_64-fedora-clang, r-devel-linux-x86_64-fedora-gcc, r-release-macos-arm64, r-release-macos-x86_64, r-oldrel-macos-arm64, r-oldrel-macos-x86_64