Last updated on 2022-04-24 03:52:32 CEST.
Flavor | Version | Tinstall | Tcheck | Ttotal | Status | Flags |
---|---|---|---|---|---|---|
r-devel-linux-x86_64-debian-clang | 0.3 | 19.46 | 162.09 | 181.55 | OK | |
r-devel-linux-x86_64-debian-gcc | 0.3 | 15.20 | 119.03 | 134.23 | OK | |
r-devel-linux-x86_64-fedora-clang | 0.3 | 216.38 | OK | |||
r-devel-linux-x86_64-fedora-gcc | 0.3 | 202.69 | OK | |||
r-patched-linux-x86_64 | 0.3 | 17.12 | 151.28 | 168.40 | OK | |
r-release-linux-x86_64 | 0.3 | 17.31 | 139.59 | 156.90 | OK | |
r-release-macos-arm64 | 0.3 | ERROR | ||||
r-release-macos-x86_64 | 0.3 | ERROR | ||||
r-release-windows-x86_64 | 0.3 | 37.00 | 157.00 | 194.00 | OK | |
r-oldrel-macos-arm64 | 0.3 | ERROR | ||||
r-oldrel-macos-x86_64 | 0.3 | ERROR | ||||
r-oldrel-windows-ix86+x86_64 | 0.3 | 40.00 | 159.00 | 199.00 | OK |
Version: 0.3
Check: package dependencies
Result: ERROR
Package required but not available: ‘mixAK’
See section ‘The DESCRIPTION file’ in the ‘Writing R Extensions’
manual.
Flavors: r-release-macos-arm64, r-release-macos-x86_64, r-oldrel-macos-arm64, r-oldrel-macos-x86_64