Last updated on 2022-04-24 03:52:32 CEST.
Flavor | Version | Tinstall | Tcheck | Ttotal | Status | Flags |
---|---|---|---|---|---|---|
r-devel-linux-x86_64-debian-clang | 2.2.2 | 173.49 | 500.19 | 673.68 | NOTE | |
r-devel-linux-x86_64-debian-gcc | 2.2.2 | 139.89 | 371.98 | 511.87 | NOTE | |
r-devel-linux-x86_64-fedora-clang | 2.2.2 | 922.76 | NOTE | |||
r-devel-linux-x86_64-fedora-gcc | 2.2.2 | 840.95 | NOTE | |||
r-patched-linux-x86_64 | 2.2.2 | 151.19 | 473.20 | 624.39 | NOTE | |
r-release-linux-x86_64 | 2.2.2 | 141.93 | 433.57 | 575.50 | NOTE | |
r-release-macos-arm64 | 2.2.2 | NOTE | ||||
r-release-macos-x86_64 | 2.2.2 | WARN | ||||
r-release-windows-x86_64 | 2.2.2 | 162.00 | 536.00 | 698.00 | NOTE | |
r-oldrel-macos-arm64 | 2.2.2 | NOTE | ||||
r-oldrel-macos-x86_64 | 2.2.2 | WARN | ||||
r-oldrel-windows-ix86+x86_64 | 2.2.2 | 407.00 | 696.00 | 1103.00 | NOTE |
Version: 2.2.2
Check: for GNU extensions in Makefiles
Result: NOTE
GNU make is a SystemRequirements.
Flavors: r-devel-linux-x86_64-debian-clang, r-devel-linux-x86_64-debian-gcc, r-devel-linux-x86_64-fedora-clang, r-devel-linux-x86_64-fedora-gcc, r-patched-linux-x86_64, r-release-linux-x86_64, r-release-macos-arm64, r-release-macos-x86_64, r-release-windows-x86_64, r-oldrel-macos-arm64, r-oldrel-macos-x86_64, r-oldrel-windows-ix86+x86_64
Version: 2.2.2
Check: installed package size
Result: NOTE
installed size is 5.7Mb
sub-directories of 1Mb or more:
exampledata 1.3Mb
libs 3.1Mb
Flavors: r-devel-linux-x86_64-fedora-clang, r-release-macos-arm64, r-release-macos-x86_64, r-oldrel-macos-arm64, r-oldrel-macos-x86_64, r-oldrel-windows-ix86+x86_64
Version: 2.2.2
Check: whether package can be installed
Result: WARN
Found the following significant warnings:
Warning: multiple methods tables found for ‘direction’
Warning: multiple methods tables found for ‘gridDistance’
Flavors: r-release-macos-x86_64, r-oldrel-macos-x86_64