Last updated on 2022-04-24 03:52:32 CEST.
Flavor | Version | Tinstall | Tcheck | Ttotal | Status | Flags |
---|---|---|---|---|---|---|
r-devel-linux-x86_64-debian-clang | 0.2-7 | 3.55 | 57.45 | 61.00 | NOTE | |
r-devel-linux-x86_64-debian-gcc | 0.2-7 | 3.28 | 44.31 | 47.59 | NOTE | |
r-devel-linux-x86_64-fedora-clang | 0.2-7 | 70.90 | NOTE | |||
r-devel-linux-x86_64-fedora-gcc | 0.2-7 | 61.81 | NOTE | |||
r-patched-linux-x86_64 | 0.2-7 | 4.29 | 56.65 | 60.94 | NOTE | |
r-release-linux-x86_64 | 0.2-7 | 4.14 | 53.95 | 58.09 | NOTE | |
r-release-macos-arm64 | 0.2-7 | NOTE | ||||
r-release-macos-x86_64 | 0.2-7 | NOTE | ||||
r-release-windows-x86_64 | 0.2-7 | 13.00 | 68.00 | 81.00 | NOTE | |
r-oldrel-macos-arm64 | 0.2-7 | NOTE | ||||
r-oldrel-macos-x86_64 | 0.2-7 | NOTE | ||||
r-oldrel-windows-ix86+x86_64 | 0.2-7 | 9.00 | 43.00 | 52.00 | NOTE |
Version: 0.2-7
Check: package dependencies
Result: NOTE
Package suggested but not available for checking: 'openNLPmodels.en'
Flavors: r-devel-linux-x86_64-debian-clang, r-devel-linux-x86_64-debian-gcc, r-devel-linux-x86_64-fedora-clang, r-devel-linux-x86_64-fedora-gcc, r-patched-linux-x86_64, r-release-linux-x86_64, r-release-macos-arm64, r-release-macos-x86_64, r-release-windows-x86_64, r-oldrel-macos-arm64, r-oldrel-macos-x86_64, r-oldrel-windows-ix86+x86_64