Last updated on 2022-04-24 03:52:32 CEST.
Flavor | Version | Tinstall | Tcheck | Ttotal | Status | Flags |
---|---|---|---|---|---|---|
r-devel-linux-x86_64-debian-clang | 1.5.3-4 | 3.57 | 37.44 | 41.01 | OK | |
r-devel-linux-x86_64-debian-gcc | 1.5.3-4 | 2.91 | 28.07 | 30.98 | OK | |
r-devel-linux-x86_64-fedora-clang | 1.5.3-4 | 48.57 | NOTE | |||
r-devel-linux-x86_64-fedora-gcc | 1.5.3-4 | 37.94 | NOTE | |||
r-patched-linux-x86_64 | 1.5.3-4 | 3.60 | 35.17 | 38.77 | OK | |
r-release-linux-x86_64 | 1.5.3-4 | 3.77 | 33.48 | 37.25 | OK | |
r-release-macos-arm64 | 1.5.3-4 | NOTE | ||||
r-release-macos-x86_64 | 1.5.3-4 | NOTE | ||||
r-release-windows-x86_64 | 1.5.3-4 | 16.00 | 47.00 | 63.00 | NOTE | |
r-oldrel-macos-arm64 | 1.5.3-4 | NOTE | ||||
r-oldrel-macos-x86_64 | 1.5.3-4 | NOTE | ||||
r-oldrel-windows-ix86+x86_64 | 1.5.3-4 | 9.00 | 30.00 | 39.00 | NOTE |
Version: 1.5.3-4
Check: installed package size
Result: NOTE
installed size is 7.2Mb
sub-directories of 1Mb or more:
java 1.2Mb
models 6.0Mb
Flavors: r-devel-linux-x86_64-fedora-clang, r-release-macos-arm64, r-release-macos-x86_64, r-release-windows-x86_64, r-oldrel-macos-arm64, r-oldrel-macos-x86_64, r-oldrel-windows-ix86+x86_64
Version: 1.5.3-4
Check: top-level files
Result: NOTE
possible bashism in configure line 52 (test -a/-o):
if test ${java_version_maj} -ge 5 || \
test ${java_version_maj} -eq 1 -a ${java_version_min} -ge 5;
Flavors: r-devel-linux-x86_64-fedora-clang, r-devel-linux-x86_64-fedora-gcc